{"id":36,"date":"2015-04-27T13:26:47","date_gmt":"2015-04-27T13:26:47","guid":{"rendered":"http:\/\/neueseite.falken-muenchen.de\/?page_id=36"},"modified":"2024-05-05T09:56:52","modified_gmt":"2024-05-05T08:56:52","slug":"zeltlager","status":"publish","type":"page","link":"https:\/\/www.falken-muenchen.de\/index.php\/angebote\/zeltlager\/","title":{"rendered":"&#x1f3d5;&#xfe0f; Zeltlager"},"content":{"rendered":"<h3>Unser Abenteuer hat einen Namen: Ferien im Zelt!<\/h3>\n<p>&#8222;Die Zeltdisco morgen soll l\u00e4nger gehen! Die Gro\u00dfen machen auch immer l\u00e4nger &#8211; das ist ungerecht!&#8220; 60 Kinder klatschen Beifall.<\/p>\n<h4>Wie ein kleines Dorf<\/h4>\n<p>Jedes Jahr im Sommer, immer dann, wenn es am sch\u00f6nsten ist, fahren wir ins Zeltlager. Kinder oder Jugendliche verbringen dann zwei oder drei Wochen miteinander. In Zeltgruppen von 6 &#8211; 8 Kindern besch\u00e4ftigen wir uns mit dem Lagerthema.<\/p>\n<p><a href=\"http:\/\/neueseite.falken-muenchen.de\/wp-content\/uploads\/2015\/04\/berlin200.jpg\"><img loading=\"lazy\" decoding=\"async\" class=\" size-full wp-image-197 alignleft\" src=\"http:\/\/neueseite.falken-muenchen.de\/wp-content\/uploads\/2015\/04\/berlin200.jpg\" alt=\"berlin200\" width=\"220\" height=\"144\" \/><\/a>Letztes Jahr ging um das Thema Klimawandel. Wir haben untersucht, wie verschiedene \u00d6kosysteme funktionieren, wie Boden und Wasser beschaffen ist und wie Strom erzeugt wird. Wir haben untersucht, wie sich das Klima ver\u00e4ndert und was daran Schuld ist. Dazu haben wir Spiele gemacht, gebastelt, Theaterszenen einge\u00fcbt und uns Forderungen \u00fcberlegt. Zum Schluss gab es eine sehr laute Demonstration durch Traunreut &#8211; leider in str\u00f6mendem Regen.<\/p>\n<p>Zwischen den Gruppenaktionen, beim Essen, bei Ausfl\u00fcgen oder beim gemeinsamen Programm kommen alle zusammen. Schlie\u00dflich ist es ja ein Zeltdorf.<\/p>\n<h4>Spielen und Entspannen<\/h4>\n<p><a href=\"http:\/\/neueseite.falken-muenchen.de\/wp-content\/uploads\/2015\/04\/tdk200.jpg\"><img loading=\"lazy\" decoding=\"async\" class=\" size-full wp-image-198 alignright\" src=\"http:\/\/neueseite.falken-muenchen.de\/wp-content\/uploads\/2015\/04\/tdk200.jpg\" alt=\"tdk200\" width=\"200\" height=\"133\" \/><\/a>Damit zwischen den Programmaktivit\u00e4ten keine Langeweile aufkommt, gibt es ein Kindercaf\u00e9. So hei\u00dft ein gro\u00dfes Zelt, in dem eine Ecke mit Gesellschaftsspielen eingerichtet ist, eine Kuschelecke mit Matratzen, dort gibt es auch B\u00fccher und eine Kiste mit lustigen Klamotten zum Verkleiden.<br \/>\nUnd die \u00c4lteren treffen sich in der Lagerkneipe zum Backgammon, zum ratschen, diskutieren oder einfach nur abh\u00e4ngen.<\/p>\n<h4>Viele Erlebnisse<\/h4>\n<p>Nachtwanderung, Gel\u00e4ndespiele und Lagerfeuer geh\u00f6ren nat\u00fcrlich auch dazu. Die meisten Lagergruppen gehen f\u00fcr eine Nacht ins Gel\u00e4nde. Dort bauen sie ein Zelt auf oder \u00fcbernachten unter freiem Himmel. Die Verpflegung wird mitgenommen, und auf den &#8222;Luxus&#8220; im Lagerdorf muss man halt mal verzichten. Dieses Au\u00dfenlager ist ein ganz besonderes Erlebnis.<\/p>\n<h4>&#8222;Wir haben das Recht, mitzureden&#8220;<\/h4>\n<p>Und was ist nun mit der Zeltdisco und der Bettruhe f\u00fcr die J\u00fcngeren? In unseren Zeltlagern k\u00f6nnen die Kinder und Jugendlichen viel mitbestimmen und entscheiden. Dazu treffen wir uns jeden Abend zu einer Vollversammlung.<\/p>\n<p>Da wird dann diskutiert und argumentiert, das Programm geplant oder \u00fcber gemeinsame Regeln verhandelt. Bei uns hat jeder eine Stimme, und wenn die Argumente \u00fcberzeugen, dann k\u00f6nnen Kinder hier viel bewegen.<\/p>\n<p>Und so kommt es, dass auch die j\u00fcngeren Kinder am n\u00e4chsten Abend bis 24 Uhr tanzen und feiern&#8230;<\/p>\n","protected":false},"excerpt":{"rendered":"<p>Unser Abenteuer hat einen Namen: Ferien im Zelt! &#8222;Die Zeltdisco morgen soll l\u00e4nger gehen! Die Gro\u00dfen machen auch immer l\u00e4nger &#8211; das ist ungerecht!&#8220; 60 Kinder klatschen Beifall. Wie ein kleines Dorf Jedes Jahr im Sommer, immer dann, wenn es am sch\u00f6nsten ist, fahren wir ins Zeltlager. Kinder oder Jugendliche verbringen dann zwei oder drei Wochen miteinander. In Zeltgruppen von 6 &#8211; 8 Kindern besch\u00e4ftigen &hellip; <a href=\"https:\/\/www.falken-muenchen.de\/index.php\/angebote\/zeltlager\/\" class=\"more-link\">Continue reading <span class=\"screen-reader-text\">&#x1f3d5;&#xfe0f; Zeltlager<\/span> <span class=\"meta-nav\">&raquo;<\/span><\/a><\/p>\n","protected":false},"author":1,"featured_media":0,"parent":33,"menu_order":0,"comment_status":"closed","ping_status":"closed","template":"","meta":{"_crdt_document":"","footnotes":""},"class_list":["post-36","page","type-page","status-publish","hentry"],"_links":{"self":[{"href":"https:\/\/www.falken-muenchen.de\/index.php\/wp-json\/wp\/v2\/pages\/36","targetHints":{"allow":["GET"]}}],"collection":[{"href":"https:\/\/www.falken-muenchen.de\/index.php\/wp-json\/wp\/v2\/pages"}],"about":[{"href":"https:\/\/www.falken-muenchen.de\/index.php\/wp-json\/wp\/v2\/types\/page"}],"author":[{"embeddable":true,"href":"https:\/\/www.falken-muenchen.de\/index.php\/wp-json\/wp\/v2\/users\/1"}],"replies":[{"embeddable":true,"href":"https:\/\/www.falken-muenchen.de\/index.php\/wp-json\/wp\/v2\/comments?post=36"}],"version-history":[{"count":6,"href":"https:\/\/www.falken-muenchen.de\/index.php\/wp-json\/wp\/v2\/pages\/36\/revisions"}],"predecessor-version":[{"id":1173,"href":"https:\/\/www.falken-muenchen.de\/index.php\/wp-json\/wp\/v2\/pages\/36\/revisions\/1173"}],"up":[{"embeddable":true,"href":"https:\/\/www.falken-muenchen.de\/index.php\/wp-json\/wp\/v2\/pages\/33"}],"wp:attachment":[{"href":"https:\/\/www.falken-muenchen.de\/index.php\/wp-json\/wp\/v2\/media?parent=36"}],"curies":[{"name":"wp","href":"https:\/\/api.w.org\/{rel}","templated":true}]}}

<h3>Unser Abenteuer hat einen Namen: Ferien im Zelt!</h3>
<p>&#8222;Die Zeltdisco morgen soll länger gehen! Die Großen machen auch immer länger &#8211; das ist ungerecht!&#8220; 60 Kinder klatschen Beifall.</p>
<h4>Wie ein kleines Dorf</h4>
<p>Jedes Jahr im Sommer, immer dann, wenn es am schönsten ist, fahren wir ins Zeltlager. Kinder oder Jugendliche verbringen dann zwei oder drei Wochen miteinander. In Zeltgruppen von 6 &#8211; 8 Kindern beschäftigen wir uns mit dem Lagerthema.</p>
<p><a href="http://neueseite.falken-muenchen.de/wp-content/uploads/2015/04/berlin200.jpg"><img loading="lazy" decoding="async" class=" size-full wp-image-197 alignleft" src="http://neueseite.falken-muenchen.de/wp-content/uploads/2015/04/berlin200.jpg" alt="berlin200" width="220" height="144" /></a>Letztes Jahr ging um das Thema Klimawandel. Wir haben untersucht, wie verschiedene Ökosysteme funktionieren, wie Boden und Wasser beschaffen ist und wie Strom erzeugt wird. Wir haben untersucht, wie sich das Klima verändert und was daran Schuld ist. Dazu haben wir Spiele gemacht, gebastelt, Theaterszenen eingeübt und uns Forderungen überlegt. Zum Schluss gab es eine sehr laute Demonstration durch Traunreut &#8211; leider in strömendem Regen.</p>
<p>Zwischen den Gruppenaktionen, beim Essen, bei Ausflügen oder beim gemeinsamen Programm kommen alle zusammen. Schließlich ist es ja ein Zeltdorf.</p>
<h4>Spielen und Entspannen</h4>
<p><a href="http://neueseite.falken-muenchen.de/wp-content/uploads/2015/04/tdk200.jpg"><img loading="lazy" decoding="async" class=" size-full wp-image-198 alignright" src="http://neueseite.falken-muenchen.de/wp-content/uploads/2015/04/tdk200.jpg" alt="tdk200" width="200" height="133" /></a>Damit zwischen den Programmaktivitäten keine Langeweile aufkommt, gibt es ein Kindercafé. So heißt ein großes Zelt, in dem eine Ecke mit Gesellschaftsspielen eingerichtet ist, eine Kuschelecke mit Matratzen, dort gibt es auch Bücher und eine Kiste mit lustigen Klamotten zum Verkleiden.<br />
Und die Älteren treffen sich in der Lagerkneipe zum Backgammon, zum ratschen, diskutieren oder einfach nur abhängen.</p>
<h4>Viele Erlebnisse</h4>
<p>Nachtwanderung, Geländespiele und Lagerfeuer gehören natürlich auch dazu. Die meisten Lagergruppen gehen für eine Nacht ins Gelände. Dort bauen sie ein Zelt auf oder übernachten unter freiem Himmel. Die Verpflegung wird mitgenommen, und auf den &#8222;Luxus&#8220; im Lagerdorf muss man halt mal verzichten. Dieses Außenlager ist ein ganz besonderes Erlebnis.</p>
<h4>&#8222;Wir haben das Recht, mitzureden&#8220;</h4>
<p>Und was ist nun mit der Zeltdisco und der Bettruhe für die Jüngeren? In unseren Zeltlagern können die Kinder und Jugendlichen viel mitbestimmen und entscheiden. Dazu treffen wir uns jeden Abend zu einer Vollversammlung.</p>
<p>Da wird dann diskutiert und argumentiert, das Programm geplant oder über gemeinsame Regeln verhandelt. Bei uns hat jeder eine Stimme, und wenn die Argumente überzeugen, dann können Kinder hier viel bewegen.</p>
<p>Und so kommt es, dass auch die jüngeren Kinder am nächsten Abend bis 24 Uhr tanzen und feiern&#8230;</p>

<p>Unser Abenteuer hat einen Namen: Ferien im Zelt! &#8222;Die Zeltdisco morgen soll länger gehen! Die Großen machen auch immer länger &#8211; das ist ungerecht!&#8220; 60 Kinder klatschen Beifall. Wie ein kleines Dorf Jedes Jahr im Sommer, immer dann, wenn es am schönsten ist, fahren wir ins Zeltlager. Kinder oder Jugendliche verbringen dann zwei oder drei Wochen miteinander. In Zeltgruppen von 6 &#8211; 8 Kindern beschäftigen &hellip; <a href="https://www.falken-muenchen.de/index.php/angebote/zeltlager/" class="more-link">Continue reading <span class="screen-reader-text">&#x1f3d5;&#xfe0f; Zeltlager</span> <span class="meta-nav">&raquo;</span></a></p>
