{"id":33,"date":"2015-04-27T13:23:27","date_gmt":"2015-04-27T13:23:27","guid":{"rendered":"http:\/\/neueseite.falken-muenchen.de\/?page_id=33"},"modified":"2024-05-05T09:52:01","modified_gmt":"2024-05-05T08:52:01","slug":"angebote","status":"publish","type":"page","link":"https:\/\/www.falken-muenchen.de\/index.php\/angebote\/","title":{"rendered":"&#x1f481; Unsere Angebote"},"content":{"rendered":"<p>In einigen St\u00e4dten und Orten treffen sich Kinder oder Jugendliche jede Woche um zu spielen, basteln, feiern und vieles mehr. In unseren Gruppenstunden setzen wir uns mit den Themen auseinander, die uns interessieren &#8211; Spielm\u00f6glichkeiten vor Ort, weniger Stress in der Schule, die Zeit des Nationalsozialismus.<\/p>\n<p>Unser Abenteuer hat einen Namen: Ferien im Zelt! Der absolute H\u00f6hepunkt unseres Jahresprogramms sind die Pfingst- und Sommerlager. Falkenzeltlager hei\u00dft zwei oder drei Wochen Spa\u00df mit anderen Kindern und Jugendlichen, Lagerfeuer, Baden, Ausfl\u00fcge, Disco, Sport und Spiel. Falkenzeltlager hei\u00dft auch, aktiv den Alltag mitzubestimmen, mitreden und mitentscheiden.<\/p>\n<p>Ein Wochenende mit den Falken: malen, singen, basteln, diskutieren und Theater spielen ist angesagt. Unsere Freizeiten f\u00fcr Kinder und Jugendliche stehen jedes Mal unter einem bestimmten Thema. Und so h\u00e4ngen pl\u00f6tzlich Transparente gegen Rassismus an Br\u00fccken oder stehen Gr\u00fcnde gegen Krieg auf Plakatw\u00e4nden. Und das Aufstehen am Montag morgen f\u00e4llt besonders schwer. Warum wohl?<\/p>\n<p>Viele Kinder und Jugendliche kennen uns von unseren Aktionen in M\u00fcnchen: Jedes Jahr veranstalten wir das Kinderprogramm zum Tag der Arbeit am 1. Mai, die Spieltage und das internationale Kinderfest in Giesing. Beim Open Air des Kreisjugendrings sind wir mit eigenen Beitr\u00e4gen dabei. In Kempten sieht man uns beim Altstadtfest und \u00fcberall bei vielen anderen Gelegenheiten. Komm vorbei und mach mit!<\/p>\n","protected":false},"excerpt":{"rendered":"<p>In einigen St\u00e4dten und Orten treffen sich Kinder oder Jugendliche jede Woche um zu spielen, basteln, feiern und vieles mehr. In unseren Gruppenstunden setzen wir uns mit den Themen auseinander, die uns interessieren &#8211; Spielm\u00f6glichkeiten vor Ort, weniger Stress in der Schule, die Zeit des Nationalsozialismus. Unser Abenteuer hat einen Namen: Ferien im Zelt! Der absolute H\u00f6hepunkt unseres Jahresprogramms sind die Pfingst- und Sommerlager. Falkenzeltlager &hellip; <a href=\"https:\/\/www.falken-muenchen.de\/index.php\/angebote\/\" class=\"more-link\">Continue reading <span class=\"screen-reader-text\">&#x1f481; Unsere Angebote<\/span> <span class=\"meta-nav\">&raquo;<\/span><\/a><\/p>\n","protected":false},"author":1,"featured_media":0,"parent":0,"menu_order":0,"comment_status":"closed","ping_status":"closed","template":"","meta":{"_crdt_document":"","footnotes":""},"class_list":["post-33","page","type-page","status-publish","hentry"],"_links":{"self":[{"href":"https:\/\/www.falken-muenchen.de\/index.php\/wp-json\/wp\/v2\/pages\/33","targetHints":{"allow":["GET"]}}],"collection":[{"href":"https:\/\/www.falken-muenchen.de\/index.php\/wp-json\/wp\/v2\/pages"}],"about":[{"href":"https:\/\/www.falken-muenchen.de\/index.php\/wp-json\/wp\/v2\/types\/page"}],"author":[{"embeddable":true,"href":"https:\/\/www.falken-muenchen.de\/index.php\/wp-json\/wp\/v2\/users\/1"}],"replies":[{"embeddable":true,"href":"https:\/\/www.falken-muenchen.de\/index.php\/wp-json\/wp\/v2\/comments?post=33"}],"version-history":[{"count":3,"href":"https:\/\/www.falken-muenchen.de\/index.php\/wp-json\/wp\/v2\/pages\/33\/revisions"}],"predecessor-version":[{"id":1167,"href":"https:\/\/www.falken-muenchen.de\/index.php\/wp-json\/wp\/v2\/pages\/33\/revisions\/1167"}],"wp:attachment":[{"href":"https:\/\/www.falken-muenchen.de\/index.php\/wp-json\/wp\/v2\/media?parent=33"}],"curies":[{"name":"wp","href":"https:\/\/api.w.org\/{rel}","templated":true}]}}

<p>In einigen Städten und Orten treffen sich Kinder oder Jugendliche jede Woche um zu spielen, basteln, feiern und vieles mehr. In unseren Gruppenstunden setzen wir uns mit den Themen auseinander, die uns interessieren &#8211; Spielmöglichkeiten vor Ort, weniger Stress in der Schule, die Zeit des Nationalsozialismus.</p>
<p>Unser Abenteuer hat einen Namen: Ferien im Zelt! Der absolute Höhepunkt unseres Jahresprogramms sind die Pfingst- und Sommerlager. Falkenzeltlager heißt zwei oder drei Wochen Spaß mit anderen Kindern und Jugendlichen, Lagerfeuer, Baden, Ausflüge, Disco, Sport und Spiel. Falkenzeltlager heißt auch, aktiv den Alltag mitzubestimmen, mitreden und mitentscheiden.</p>
<p>Ein Wochenende mit den Falken: malen, singen, basteln, diskutieren und Theater spielen ist angesagt. Unsere Freizeiten für Kinder und Jugendliche stehen jedes Mal unter einem bestimmten Thema. Und so hängen plötzlich Transparente gegen Rassismus an Brücken oder stehen Gründe gegen Krieg auf Plakatwänden. Und das Aufstehen am Montag morgen fällt besonders schwer. Warum wohl?</p>
<p>Viele Kinder und Jugendliche kennen uns von unseren Aktionen in München: Jedes Jahr veranstalten wir das Kinderprogramm zum Tag der Arbeit am 1. Mai, die Spieltage und das internationale Kinderfest in Giesing. Beim Open Air des Kreisjugendrings sind wir mit eigenen Beiträgen dabei. In Kempten sieht man uns beim Altstadtfest und überall bei vielen anderen Gelegenheiten. Komm vorbei und mach mit!</p>

<p>In einigen Städten und Orten treffen sich Kinder oder Jugendliche jede Woche um zu spielen, basteln, feiern und vieles mehr. In unseren Gruppenstunden setzen wir uns mit den Themen auseinander, die uns interessieren &#8211; Spielmöglichkeiten vor Ort, weniger Stress in der Schule, die Zeit des Nationalsozialismus. Unser Abenteuer hat einen Namen: Ferien im Zelt! Der absolute Höhepunkt unseres Jahresprogramms sind die Pfingst- und Sommerlager. Falkenzeltlager &hellip; <a href="https://www.falken-muenchen.de/index.php/angebote/" class="more-link">Continue reading <span class="screen-reader-text">&#x1f481; Unsere Angebote</span> <span class="meta-nav">&raquo;</span></a></p>
