{"id":29,"date":"2015-04-27T13:18:27","date_gmt":"2015-04-27T13:18:27","guid":{"rendered":"http:\/\/neueseite.falken-muenchen.de\/?page_id=29"},"modified":"2024-05-05T09:59:23","modified_gmt":"2024-05-05T08:59:23","slug":"unsere-recht","status":"publish","type":"page","link":"https:\/\/www.falken-muenchen.de\/index.php\/wer-wir-sind\/unsere-recht\/","title":{"rendered":"&#x1f469;&#x200d;&#x2696;&#xfe0f; F\u00fcr unsere Rechte"},"content":{"rendered":"<h4>Kinder und Jugendliche haben Rechte&#8230;<\/h4>\n<p>Demonstration im Zeltlager 2008<\/p>\n<p>Jeder Mensch hat das Recht auf Leben, auf Schutz vor Verfolgung und auf Sicherheit.<br \/>\nJeder Mensch hat das Recht auf Arbeit und einen gerechten Lohn.<br \/>\nJeder Mensch hat das Recht, seine Meinung frei zu \u00e4u\u00dfern, sich mit anderen zusammenzuschlie\u00dfen und f\u00fcr seine Meinung auf die Stra\u00dfe zu gehen.<br \/>\nJeder Mensch hat das Recht auf Erholung, Freizeit, Kultur und Bildung.<br \/>\nJeder Mensch hat das Recht auf Gesundheit, Nahrung, Kleidung, Wohnung, \u00e4rztliche Versorgung und soziale Sicherheit.<br \/>\nJeder Mensch hat das Recht auf Schutz seiner Privatsph\u00e4re, seiner Familie und seiner Wohnung.<\/p>\n<p>Alle diese Rechte gelten auch f\u00fcr Kinder und Jugendliche.<\/p>\n<p>Wie sind diese Rechte entstanden?<\/p>\n<p>Lange Zeit haben sich Menschen daf\u00fcr eingesetzt, Rechte und Freiheiten zu erhalten. Die Arbeiterbewegung k\u00e4mpfte daf\u00fcr, dass diese Rechte nicht vom Einkommen und Verm\u00f6gend er Menschen abh\u00e4ngig sind, sondern sie auch f\u00fcr Arbeiterinnen und Arbeiter gelten. Die Vorl\u00e4uferorganisationen der Falken gr\u00fcndeten sich, damit auch Arbeiterkinder und Arbeiterjugendliche Rechte bekommen.<\/p>\n<p>Die Nationalsozialisten respektierten \u00fcberhaupt keine Menschenrechte. Sie nahmen den Menschen Freiheit, Gesundheit und Leben, wenn sie es wollten. Alle, die eine andere Meinung hatten als sie selbst oder die sie f\u00fcr minderwertig hielten, waren in Gefahr.<\/p>\n<p>Als sich nach der Befreiung vom Faschismus die Staaten der Welt zu den Vereinten Nationen zusammenschlossen, wollten sie verhindern, dass es wieder so eine Schreckensherrschaft gibt. Sie beschlossen am 10. Dezember 1948 die Allgemeine Erkl\u00e4rung der Menschenrechte.<br \/>\nDiese Erkl\u00e4rung wurde seither mit vielen neuen \u00dcbereinkommen ausgestaltet. Die Kinderrechteerkl\u00e4rung vom 20.11.1989 ist eines davon.<\/p>\n<p>Im Westen Deutschlands wurde am 23. Mai 1949 das Grundgesetz verabschiedet, das im ersten Teil die Grundrechte der Menschen enth\u00e4lt. Allerdings fehlen einige der Menschenrechte im Grundgesetz, wie z.B. das Recht auf Arbeit und das Recht auf einen angemessenen Lebensstandard.<\/p>\n<p>Und heute? Wie sieht es mit unseren Rechten aus?<\/p>\n<p>Schon seit vielen Jahrzehnten wurden Grundrechte eingeschr\u00e4nkt. Zuerst im Kampf gegen die Rote Armee Fraktion RAF, sp\u00e4ter zur Abschottung gegen Fl\u00fcchtlinge und in den letzten Jahren im Kampf gegen den internationalen Terrorismus. Das waren zumindest die offiziellen Begr\u00fcndungen.<\/p>\n<p>Die Kinderrechte sind in Deutschland noch l\u00e4ngst nicht verwirklicht. Ganz offiziell sind Fl\u00fcchtlingskinder ausgenommen worden. Aber auch viele andere Kinder und Jugendliche sind benachteiligt, n\u00e4mlich vor allem die, deren Eltern wenig Geld haben.<\/p>\n","protected":false},"excerpt":{"rendered":"<p>Kinder und Jugendliche haben Rechte&#8230; Demonstration im Zeltlager 2008 Jeder Mensch hat das Recht auf Leben, auf Schutz vor Verfolgung und auf Sicherheit. Jeder Mensch hat das Recht auf Arbeit und einen gerechten Lohn. Jeder Mensch hat das Recht, seine Meinung frei zu \u00e4u\u00dfern, sich mit anderen zusammenzuschlie\u00dfen und f\u00fcr seine Meinung auf die Stra\u00dfe zu gehen. Jeder Mensch hat das Recht auf Erholung, Freizeit, &hellip; <a href=\"https:\/\/www.falken-muenchen.de\/index.php\/wer-wir-sind\/unsere-recht\/\" class=\"more-link\">Continue reading <span class=\"screen-reader-text\">&#x1f469;&#x200d;&#x2696;&#xfe0f; F\u00fcr unsere Rechte<\/span> <span class=\"meta-nav\">&raquo;<\/span><\/a><\/p>\n","protected":false},"author":1,"featured_media":0,"parent":10,"menu_order":0,"comment_status":"closed","ping_status":"closed","template":"","meta":{"_crdt_document":"","footnotes":""},"class_list":["post-29","page","type-page","status-publish","hentry"],"_links":{"self":[{"href":"https:\/\/www.falken-muenchen.de\/index.php\/wp-json\/wp\/v2\/pages\/29","targetHints":{"allow":["GET"]}}],"collection":[{"href":"https:\/\/www.falken-muenchen.de\/index.php\/wp-json\/wp\/v2\/pages"}],"about":[{"href":"https:\/\/www.falken-muenchen.de\/index.php\/wp-json\/wp\/v2\/types\/page"}],"author":[{"embeddable":true,"href":"https:\/\/www.falken-muenchen.de\/index.php\/wp-json\/wp\/v2\/users\/1"}],"replies":[{"embeddable":true,"href":"https:\/\/www.falken-muenchen.de\/index.php\/wp-json\/wp\/v2\/comments?post=29"}],"version-history":[{"count":6,"href":"https:\/\/www.falken-muenchen.de\/index.php\/wp-json\/wp\/v2\/pages\/29\/revisions"}],"predecessor-version":[{"id":1177,"href":"https:\/\/www.falken-muenchen.de\/index.php\/wp-json\/wp\/v2\/pages\/29\/revisions\/1177"}],"up":[{"embeddable":true,"href":"https:\/\/www.falken-muenchen.de\/index.php\/wp-json\/wp\/v2\/pages\/10"}],"wp:attachment":[{"href":"https:\/\/www.falken-muenchen.de\/index.php\/wp-json\/wp\/v2\/media?parent=29"}],"curies":[{"name":"wp","href":"https:\/\/api.w.org\/{rel}","templated":true}]}}

&#x1f469;&#x200d;&#x2696;&#xfe0f; Für unsere Rechte

<h4>Kinder und Jugendliche haben Rechte&#8230;</h4>
<p>Demonstration im Zeltlager 2008</p>
<p>Jeder Mensch hat das Recht auf Leben, auf Schutz vor Verfolgung und auf Sicherheit.<br />
Jeder Mensch hat das Recht auf Arbeit und einen gerechten Lohn.<br />
Jeder Mensch hat das Recht, seine Meinung frei zu äußern, sich mit anderen zusammenzuschließen und für seine Meinung auf die Straße zu gehen.<br />
Jeder Mensch hat das Recht auf Erholung, Freizeit, Kultur und Bildung.<br />
Jeder Mensch hat das Recht auf Gesundheit, Nahrung, Kleidung, Wohnung, ärztliche Versorgung und soziale Sicherheit.<br />
Jeder Mensch hat das Recht auf Schutz seiner Privatsphäre, seiner Familie und seiner Wohnung.</p>
<p>Alle diese Rechte gelten auch für Kinder und Jugendliche.</p>
<p>Wie sind diese Rechte entstanden?</p>
<p>Lange Zeit haben sich Menschen dafür eingesetzt, Rechte und Freiheiten zu erhalten. Die Arbeiterbewegung kämpfte dafür, dass diese Rechte nicht vom Einkommen und Vermögend er Menschen abhängig sind, sondern sie auch für Arbeiterinnen und Arbeiter gelten. Die Vorläuferorganisationen der Falken gründeten sich, damit auch Arbeiterkinder und Arbeiterjugendliche Rechte bekommen.</p>
<p>Die Nationalsozialisten respektierten überhaupt keine Menschenrechte. Sie nahmen den Menschen Freiheit, Gesundheit und Leben, wenn sie es wollten. Alle, die eine andere Meinung hatten als sie selbst oder die sie für minderwertig hielten, waren in Gefahr.</p>
<p>Als sich nach der Befreiung vom Faschismus die Staaten der Welt zu den Vereinten Nationen zusammenschlossen, wollten sie verhindern, dass es wieder so eine Schreckensherrschaft gibt. Sie beschlossen am 10. Dezember 1948 die Allgemeine Erklärung der Menschenrechte.<br />
Diese Erklärung wurde seither mit vielen neuen Übereinkommen ausgestaltet. Die Kinderrechteerklärung vom 20.11.1989 ist eines davon.</p>
<p>Im Westen Deutschlands wurde am 23. Mai 1949 das Grundgesetz verabschiedet, das im ersten Teil die Grundrechte der Menschen enthält. Allerdings fehlen einige der Menschenrechte im Grundgesetz, wie z.B. das Recht auf Arbeit und das Recht auf einen angemessenen Lebensstandard.</p>
<p>Und heute? Wie sieht es mit unseren Rechten aus?</p>
<p>Schon seit vielen Jahrzehnten wurden Grundrechte eingeschränkt. Zuerst im Kampf gegen die Rote Armee Fraktion RAF, später zur Abschottung gegen Flüchtlinge und in den letzten Jahren im Kampf gegen den internationalen Terrorismus. Das waren zumindest die offiziellen Begründungen.</p>
<p>Die Kinderrechte sind in Deutschland noch längst nicht verwirklicht. Ganz offiziell sind Flüchtlingskinder ausgenommen worden. Aber auch viele andere Kinder und Jugendliche sind benachteiligt, nämlich vor allem die, deren Eltern wenig Geld haben.</p>

<p>Kinder und Jugendliche haben Rechte&#8230; Demonstration im Zeltlager 2008 Jeder Mensch hat das Recht auf Leben, auf Schutz vor Verfolgung und auf Sicherheit. Jeder Mensch hat das Recht auf Arbeit und einen gerechten Lohn. Jeder Mensch hat das Recht, seine Meinung frei zu äußern, sich mit anderen zusammenzuschließen und für seine Meinung auf die Straße zu gehen. Jeder Mensch hat das Recht auf Erholung, Freizeit, &hellip; <a href="https://www.falken-muenchen.de/index.php/wer-wir-sind/unsere-recht/" class="more-link">Continue reading <span class="screen-reader-text">&#x1f469;&#x200d;&#x2696;&#xfe0f; Für unsere Rechte</span> <span class="meta-nav">&raquo;</span></a></p>
