{"id":12,"date":"2015-04-27T12:04:22","date_gmt":"2015-04-27T12:04:22","guid":{"rendered":"http:\/\/neueseite.falken-muenchen.de\/?page_id=12"},"modified":"2024-05-05T10:03:05","modified_gmt":"2024-05-05T09:03:05","slug":"unsere-geschichte","status":"publish","type":"page","link":"https:\/\/www.falken-muenchen.de\/index.php\/wer-wir-sind\/unsere-geschichte\/","title":{"rendered":"&#x1f4dc; Unsere Geschichte"},"content":{"rendered":"<p>Die Geschichte unseres Verbandes reicht weit zur\u00fcck.<br \/>\nMit der Gr\u00fcndung der ersten Arbeiterjugendvereine nimmt sie 1904 ihren Anfang. Anlass f\u00fcr den ersten Zusammenschluss junger Lehrlinge war in Berlin der Selbstmord des Schlosserlehrlings Paul N\u00e4hring. Er hatte aus Verzweiflung \u00fcber die Misshandlungen durch seinen Lehrherrn seinem Leben ein Ende gesetzt. Weitere Zusammenschl\u00fcsse von jungen Arbeiterinnen und Arbeitern folgten. Aus diesen Anf\u00e4ngen entwickelte sich 1922 die Sozialistische Arbeiterjugend.<\/p>\n<p>1923 wurde die Reichsarbeitsgemeinschaft der Kinderfreunde gegr\u00fcndet, die bald in ganz Deutschland gro\u00dfen Zulauf hatten. Ihre Gro\u00dfzeltlager, die Kinderrepubliken wurden von den Kindern selbst gestaltet und verwaltet. Sie sind bis heute hervorragende Beispiele f\u00fcr Mitbestimmung.<\/p>\n<p>Wie alle anderen Organisationen der Arbeiterbewegung waren unsere Vorl\u00e4uferverb\u00e4nde w\u00e4hrend der faschistischen Diktatur in Deutschland verboten. Viele Mitglieder und Funktion\u00e4re waren im Widerstand aktiv, wurden verfolgt, eingekerkert und ermordet.<\/p>\n<p>Nach der Befreiung vom Faschismus fanden sich fr\u00fchere Freunde und Mitglieder der Sozialistischen Arbeiterjugend und der Kinderfreunde zusammen und begannen unter den schweren Bedingungen der Nachkriegszeit wieder mit der Gruppenarbeit:<br \/>\nDie Sozialistische Jugend Deutschlands &#8211; Die Falken entstand.<\/p>\n","protected":false},"excerpt":{"rendered":"<p>Die Geschichte unseres Verbandes reicht weit zur\u00fcck. Mit der Gr\u00fcndung der ersten Arbeiterjugendvereine nimmt sie 1904 ihren Anfang. Anlass f\u00fcr den ersten Zusammenschluss junger Lehrlinge war in Berlin der Selbstmord des Schlosserlehrlings Paul N\u00e4hring. Er hatte aus Verzweiflung \u00fcber die Misshandlungen durch seinen Lehrherrn seinem Leben ein Ende gesetzt. Weitere Zusammenschl\u00fcsse von jungen Arbeiterinnen und Arbeitern folgten. Aus diesen Anf\u00e4ngen entwickelte sich 1922 die Sozialistische &hellip; <a href=\"https:\/\/www.falken-muenchen.de\/index.php\/wer-wir-sind\/unsere-geschichte\/\" class=\"more-link\">Continue reading <span class=\"screen-reader-text\">&#x1f4dc; Unsere Geschichte<\/span> <span class=\"meta-nav\">&raquo;<\/span><\/a><\/p>\n","protected":false},"author":1,"featured_media":0,"parent":10,"menu_order":0,"comment_status":"closed","ping_status":"closed","template":"","meta":{"_crdt_document":"","footnotes":""},"class_list":["post-12","page","type-page","status-publish","hentry"],"_links":{"self":[{"href":"https:\/\/www.falken-muenchen.de\/index.php\/wp-json\/wp\/v2\/pages\/12","targetHints":{"allow":["GET"]}}],"collection":[{"href":"https:\/\/www.falken-muenchen.de\/index.php\/wp-json\/wp\/v2\/pages"}],"about":[{"href":"https:\/\/www.falken-muenchen.de\/index.php\/wp-json\/wp\/v2\/types\/page"}],"author":[{"embeddable":true,"href":"https:\/\/www.falken-muenchen.de\/index.php\/wp-json\/wp\/v2\/users\/1"}],"replies":[{"embeddable":true,"href":"https:\/\/www.falken-muenchen.de\/index.php\/wp-json\/wp\/v2\/comments?post=12"}],"version-history":[{"count":2,"href":"https:\/\/www.falken-muenchen.de\/index.php\/wp-json\/wp\/v2\/pages\/12\/revisions"}],"predecessor-version":[{"id":1183,"href":"https:\/\/www.falken-muenchen.de\/index.php\/wp-json\/wp\/v2\/pages\/12\/revisions\/1183"}],"up":[{"embeddable":true,"href":"https:\/\/www.falken-muenchen.de\/index.php\/wp-json\/wp\/v2\/pages\/10"}],"wp:attachment":[{"href":"https:\/\/www.falken-muenchen.de\/index.php\/wp-json\/wp\/v2\/media?parent=12"}],"curies":[{"name":"wp","href":"https:\/\/api.w.org\/{rel}","templated":true}]}}